s 223631627 a prime number?
True
Is 13909405711 composite?
False
Is 1451308247 a composite number?
True
Is 8042525287 a prime number?
False
Is 11941625071 composite?
True
Is 10292873153 a composite number?
True
Is 41240794619 prime?
True
Is 2097788543 a prime number?
False
Is 8480522051 a prime number?
True
Is 1413162307 a composite number?
True
Is 2184128269 a composite number?
False
Is 11350229587 prime?
True
Is 14106470471 a prime number?
False
Is 595445843 a prime number?
False
Is 742949917 a prime number?
True
Is 249284227 prime?
False
Is 4351564111 composite?
True
Is 453583583 prime?
True
Is 3635953837 prime?
True
Is 14858984939 composite?
True
Is 17877088483 composite?
True
Is 1306993243 prime?
True
Is 3063722561 prime?
False
Is 2706175709 a composite number?
True
Is 180241160741 a composite number?
False
Is 730524197 a prime number?
False
Is 96040342807 prime?
True
Is 23220355337 a prime number?
True
Is 2972532469 composite?
False
Is 24453440013 a composite number?
True
Is 5855893591 composite?
False
Is 627305599 a prime number?
True
Is 6652599929 composite?
True
Is 8279161 a prime number?
False
Is 2050749385 a prime number?
False
Is 305376613 a prime number?
False
Is 6833814847 prime?
True
Is 505757821 a prime number?
True
Is 951500191 a prime number?
False
Is 43250205073 a composite number?
True
Is 2892500561 a composite number?
False
Is 1308716791 a composite number?
True
Is 2541927701 prime?
False
Is 888148643 a prime number?
False
Is 864173483 prime?
True
Is 2123275499 a prime number?
True
Is 87395617823 a prime number?
False
Is 124691899 composite?
False
Is 2142494569 composite?
False
Is 2338085791 composite?
False
Is 95181227 composite?
False
Is 926459507 a prime number?
False
Is 1705678753 a prime number?
True
Is 57514097941 prime?
False
Is 17503895639 a prime number?
True
Is 25853883823 a prime number?
True
Is 31521285611 composite?
True
Is 40766391979 a prime number?
True
Is 11612965711 composite?
True
Is 3659039681 a prime number?
False
Is 16711542503 composite?
False
Is 1468883279 composite?
False
Is 11627587759 a prime number?
True
Is 11123335519 composite?
False
Is 4743471869 a prime number?
False
Is 5697027157 prime?
True
Is 212486239 a prime number?
False
Is 35818669673 a prime number?
False
Is 60251898247 a composite number?
False
Is 5374476379 a prime number?
True
Is 57463969613 a composite number?
False
Is 93248924479 a prime number?
True
Is 92330353259 a composite number?
True
Is 10195266091 prime?
True
Is 79110098989 a prime number?
False
Is 109322741 a composite number?
True
Is 33004997911 composite?
False
Is 1228974437 a composite number?
False
Is 6467922623 composite?
False
Is 14005709831 composite?
True
Is 33360688897 a prime number?
True
Is 11742770537 a prime number?
False
Is 3362580071 prime?
False
Is 33983220769 prime?
False
Is 10410678119 a prime number?
True
Is 6161113261 composite?
True
Is 827719853 a composite number?
True
Is 366723689 composite?
True
Is 931568731 a prime number?
True
Is 8631954323 a composite number?
True
Is 7268934703 composite?
False
Is 11417801 a prime number?
True
Is 740046467 composite?
False
Is 876317899 composite?
True
Is 2172990959 a composite number?
True
Is 1454334997 prime?
True
Is 1604564569 composite?
False
Is 8524165787 a composite number?
False
Is 2192041213 prime?
False
Is 8680434391 prime?
False
Is 8084396171 prime?
False
Is 646464631 composite?
True
Is 2527074937 a composite number?
False
Is 4069758679 a composite number?
True
Is 117913379 prime?
True
Is 969603671 composite?
False
Is 620102051 a composite number?
False
Is 292060099 a composite number?
True
Is 2106418709 composite?
False
Is 14232910727 a composite number?
True
Is 8838405467 composite?
False
Is 14420653 a prime number?
False
Is 6455233007 prime?
True
Is 3226176739 a prime number?
False
Is 195188179 a prime number?
True
Is 324142627 prime?
True
Is 4704664927 composite?
True
Is 451260701 a composite number?
True
Is 130738770329 a prime number?
True
Is 13296994027 a composite number?
True
Is 4430497087 prime?
True
Is 248020007 prime?
True
Is 1490596633 a prime number?
True
Is 588781609 prime?
False
Is 3760217191 a composite number?
True
Is 10101510647 prime?
True
Is 139463201 a prime number?
True
Is 1125113317 a composite number?
False
Is 5822377331 a prime number?
True
Is 2062332317 a composite number?
True
Is 10991473819 prime?
False
Is 34311311311 composite?
False
Is 158422819 prime?
True
Is 783664901 composite?
True
Is 1069441249 a composite number?
True
Is 1050668039 a composite number?
False
Is 555306951 a prime number?
False
Is 7550768387 a prime number?
False
Is 4003807631 a prime number?
False
Is 802499101 a composite number?
True
Is 13969329917 a composite number?
False
Is 10616789273 prime?
False
Is 75262931317 a composite number?
True
Is 1525170659 composite?
True
Is 222007693 a composite number?
False
Is 964213447 a prime number?
True
Is 9130641671 composite?
False
Is 3669214301 composite?
False
Is 536765213 composite?
True
Is 54486061 prime?
False
Is 665086937 composite?
True
Is 21874535429 a prime number?
False
Is 954926299 a composite number?
True
Is 17547262903 a prime number?
True
Is 6450824201 a prime number?
False
Is 340419451 composite?
False
Is 3647748245 prime?
False
Is 3323308841 a composite number?
True
Is 9245771859 composite?
True
Is 22185748859 prime?
False
Is 640321549 a prime number?
False
Is 4843525927 a composite number?
False
Is 997738949 composite?
False
Is 2815292981 prime?
True
Is 1579381571 composite?
False
Is 17119624099 a composite number?
True
Is 619004597 a prime number?
True
Is 83444496137 a prime number?
True
Is 5319702179 a composite number?
True
Is 76878806609 composite?
True
Is 4274821657 a prime number?
True
Is 1936474639 prime?
False
Is 4516743401 a composite number?
True
Is 3955101547 prime?
False
Is 715141103 composite?
False
Is 36054222511 a prime number?
False
Is 336524453 composite?
False
Is 4975618127 a prime number?
True
Is 2554437239 prime?
True
Is 9050010091 composite?
True
Is 5638613969 a composite number?
False
Is 40879028497 a composite number?
True
Is 40151102889 prime?
False
Is 613100287 a prime number?
True
Is 119700919099 prime?
True
Is 490033991 a composite number?
True
Is 119254321 composite?
True
Is 3417737707 composite?
True
Is 605982281 composite?
False
Is 796562801 a composite number?
True
Is 616784737 prime?
True
Is 1694023979 composite?
False
Is 6497066054 a composite number?
True
Is 210865619501 a prime number?
True
Is 3028484141 a composite number?
True
Is 2026520845 composite?
True
Is 1380840377 prime?
False
Is 488506829 a prime number?
False
Is 93384590038 prime?
False
Is 977259061 prime?
True
Is 241130611 a prime number?
True
Is 27488610033 composite?
True
Is 9389353 a prime number?
True
Is 279938227 composite?
False
Is 17920523051 prime?
True
Is 15135458407 a prime number?
False
Is 1695581623 prime?
True
Is 12134768123 prime?
False
Is 7288451449 prime?
True
Is 200893741 a composite number?
True
Is 167229197 a prime number?
True
Is 34044441593 prime?
False
Is 106314151987 prime?
False
Is 241878853 a composite number?
True
Is 20365818613 a prime number?
False
Is 95312076271 prime?
False
Is 28414107227 prime?
False
Is 33210885457 prime?
True
Is 1044977041 prime?
True
Is 1155723853 a composite number?
False
Is 164231411 prime?
False
Is 10876149467 a prime number?
True
Is 1383123827 composite?
True
Is 32068449847 a composite number?
True
Is 4904568245 composite?
True
Is 6382089919 prime?
True
Is 18205721203 a prime number?
False
Is 6655394099 prime?
True
Is 84087098053 a composite number?
True
Is 8146396189 prime?
True
Is 85123559683 prime?
True
Is 179908271 a prime number?
False
Is 393852689 a prime number?
False
Is 63382438981 a prime number?
True
Is 71634951607 a composite number?
True
Is 1759889987 a composite number?
False
Is 1561683377 a composite number?
False
Is 10780688101 a composite number?
False
Is 87227039 a prime number?
True
Is 22063948523 prime?
False
Is 13428006437 prime?
True
Is 1182366919 a prime number?
True
Is 18095282089 prime?
False
Is 12218828749 a composite number?
False
Is 5958952457 composite?
True
Is 445610191 prime?
False
Is 10890392021 composite?
False
Is 84689107837 prime?
True
Is 53407085783 a prim